 -12?
-1122100
In base 5, what is -34 + 20?
-14
In base 15, what is 12dd - -1?
12de
In base 10, what is 59 + -16?
43
In base 3, what is 10 + -210?
-200
In base 2, what is -100 - -10?
-10
In base 5, what is 1 - 43403?
-43402
In base 7, what is 154 - 4?
150
In base 7, what is 0 - 205?
-205
In base 9, what is 24 - 1?
23
In base 7, what is -115 - 6?
-124
In base 7, what is 563 + 32?
625
In base 4, what is 3 - 30321?
-30312
In base 8, what is -12 + -7?
-21
In base 3, what is -10 + -12210?
-12220
In base 2, what is -1001 - -1010010?
1001001
In base 5, what is 23202 - -1?
23203
In base 13, what is 1 - 3180?
-317c
In base 3, what is 1001021 + 12?
1001110
In base 3, what is 220 - -11?
1001
In base 8, what is -34 + -1133?
-1167
In base 3, what is -210 - -12?
-121
In base 12, what is -36 - 1?
-37
In base 16, what is 5 - 7e?
-79
In base 3, what is -2 + -12?
-21
In base 10, what is 53 + -337?
-284
In base 16, what is 0 + d49?
d49
In base 9, what is -2 + -6?
-8
In base 5, what is -1241 - -1?
-1240
In base 3, what is -11 + -11001?
-11012
In base 3, what is 121212 - -12?
122001
In base 12, what is -4 - -24b?
247
In base 12, what is -21 - 44?
-65
In base 13, what is -126a3 + 4?
-1269c
In base 11, what is -1 + -101?
-102
In base 3, what is -12 + 10?
-2
In base 9, what is 2 + 4044?
4046
In base 9, what is -667 + 2?
-665
In base 11, what is 0 - a58?
-a58
In base 15, what is -79 - 0?
-79
In base 5, what is 1 + -3?
-2
In base 13, what is 45c - 14?
448
In base 9, what is 0 - -61?
61
In base 3, what is -2 - -21022?
21020
In base 4, what is -2 + 23?
21
In base 16, what is 2 + 24?
26
In base 7, what is -141 + 53?
-55
In base 11, what is -4 - -3995?
3991
In base 6, what is -105 - 3?
-112
In base 15, what is 5c - -1?
5d
In base 12, what is 35 - 28?
9
In base 13, what is -118 - 0?
-118
In base 4, what is -2 - 122?
-130
In base 3, what is -11 - 2101?
-2112
In base 8, what is -22 + 166?
144
In base 16, what is 2c1 - 3?
2be
In base 2, what is 100111 - -1110?
110101
In base 16, what is 481 + -4?
47d
In base 11, what is 4 - -4a75?
4a79
In base 2, what is 10000001001011 + -11?
10000001001000
In base 7, what is 45665 + 4?
46002
In base 8, what is 4 - 41?
-35
In base 6, what is 151 - -202?
353
In base 6, what is -522 + 3?
-515
In base 6, what is 0 - 2?
-2
In base 13, what is -15 - -7?
-b
In base 7, what is 0 - -2504?
2504
In base 2, what is 100 - -10110?
11010
In base 15, what is 3168 + 2?
316a
In base 10, what is 8 + 113?
121
In base 16, what is c - -1?
d
In base 2, what is -1000010101 + -1100?
-1000100001
In base 4, what is -232 + -22?
-320
In base 9, what is 6172 - 2?
6170
In base 12, what is 1021 + -4?
1019
In base 8, what is -627 + 77?
-530
In base 12, what is 43b - -5?
444
In base 13, what is -4 + -2c?
-33
In base 13, what is -14 - -1?
-13
In base 12, what is 217a + 1?
217b
In base 5, what is -4300011 + 1?
-4300010
In base 16, what is -4 - 8f?
-93
In base 12, what is -1 - 877?
-878
In base 2, what is -101 - -100?
-1
In base 4, what is -11 - -120312?
120301
In base 12, what is 20 - 3?
19
In base 9, what is 10378 - 0?
10378
In base 12, what is -6 - 736?
-740
In base 8, what is -6667 - -1?
-6666
In base 2, what is -110111 + 1101110?
110111
In base 15, what is 40 + 4?
44
In base 6, what is 3414 + -5?
3405
In base 13, what is 2 - 782?
-780
In base 2, what is 100 - 1100000101?
-1100000001
In base 13, what is 1 - -388?
389
In base 3, what is 100 - 2102?
-2002
In base 9, what is -20 - 88?
-118
In base 3, what is -2000 - 222?
-2222
In base 11, what is 5 + 1282?
1287
In base 4, what is 121 - 1000?
-213
In base 9, what is 2 + 382?
384
In base 10, what is -5 - 169?
-174
In base 13, what is -4 - 118?
-11c
In base 9, what is -1 - -131?
130
In base 8, what is -3 - -6156?
6153
In base 16, what is -2 - 14d?
-14f
In base 9, what is -5 + 328?
323
In base 15, what is 9 - 2e?
-25
In base 15, what is -6 - -e5a?
e54
In base 14, what is 3a3 + -2?
3a1
In base 8, what is -174 - 0?
-174
In base 13, what is -2 + -1843?
-1845
In base 14, what is 1 - 557?
-556
In base 4, what is 113 + 332?
1111
In base 6, what is 555 + 1?
1000
In base 11, what is 55 - 194?
-13a
In base 3, what is -101101 - -1102?
-22222
In base 4, what is -2012 - -230?
-1122
In base 13, what is -3 - 3?
-6
In base 10, what is -5 - 37?
-42
In base 10, what is -25 + 387?
362
In base 4, what is -2 + 13?
11
In base 4, what is 211021 + -1?
211020
In base 15, what is -2e + -2?
-31
In base 12, what is b0 + -1?
ab
In base 15, what is 3 + d0?
d3
In base 9, what is 2 - 782?
-780
In base 16, what is 2 - -4a?
4c
In base 15, what is 1 - -19?
1a
In base 8, what is -72 - -10?
-62
In base 4, what is -2 + 23110?
23102
In base 5, what is -10024 - 0?
-10024
In base 11, what is 1 + 167a?
1680
In base 12, what is -28 - 5?
-31
In base 9, what is -426 - 28?
-455
In base 13, what is 43 - 1?
42
In base 4, what is 10 - 3?
1
In base 14, what is -47 - 16?
-5d
In base 6, what is -2 + 5?
3
In base 4, what is 22 + 3231?
3313
In base 16, what is 50 - 1c?
34
In base 4, what is 2 + -322222?
-322220
In base 16, what is 131 - 6?
12b
In base 12, what is 142 - -2?
144
In base 7, what is 114 + 3?
120
In base 2, what is -10 - 10000001000?
-10000001010
In base 15, what is -13 - 10b?
-11e
In base 4, what is -212123 - -3?
-212120
In base 7, what is -11 + 12?
1
In base 12, what is -2a2 - 20?
-302
In base 7, what is 1 - -31?
32
In base 13, what is 2 - 758?
-756
In base 12, what is -b4 - -9?
-a7
In base 13, what is 1a58 - 5?
1a53
In base 15, what is 3 - 1c53?
-1c50
In base 16, what is 5 - -2f?
34
In base 8, what is -4 + 527?
523
In base 3, what is 22101 - 22?
22002
In base 5, what is 3 - -1430?
1433
In base 12, what is -12 - -18?
6
In base 15, what is 1 + 160e?
1610
In base 5, what is -240 - -10?
-230
In base 3, what is -11001 - 0?
-11001
In base 9, what is 3 - 140?
-136
In base 14, what is -3 - 2001?
-2004
In base 13, what is 46a6 - 0?
46a6
In base 16, what is 5a - 1f?
3b
In base 6, what is -24 + -23?
-51
In base 14, what is 5 - -1c?
23
In base 16, what is 1 + -a8?
-a7
In base 5, what is -130 - 10?
-140
In base 13, what is -5 - 16b?
-173
In base 6, what is -224 - 5?
-233
In base 12, what is 0 + -74?
-74
In base 11, what is 2 - 65?
-63
In base 16, what is -116 - 2?
-118
In base 16, what is -1 - -8e?
8d
In base 7, what is -61 - -36?
-22
In base 4, what is -231 - 120?
-1011
In base 9, what is 0 - 1524?
-1524
In base 2, what is -10110 - -100100?
1110
In base 4, what is 0 + 311?
311
In base 7, what is -56 - 0?
-56
In base 11, what is 3 + -7?
-4
In base 7, what is 3 - -100?
103
In base 16, what is -11e + 0?
-11e
In base 14, what is -38cd + 2?
-38cb
In base 5, what is 302 - -2403?
3210
In base 15, what is 2 + -44?
-42
In base 6, what is -1035 - 3?
-1042
In base 4, what is 21103333 + 3?
21110002
In base 4, what is 11 + -300?
-223
In base 16, what is 5 + -123?
-11e
In base 14, what is -3 - -3d?
3a
In base 13, what is -9a0 - 4?
-9a4
In base 13, what is -4 - -1c0c?
1c08
In base 7, what is -3 - 101?
-104
In base 13, what is 2 - -1080?
1082
In base 3, what is 220102 + 22?
220201
In base 10, what is 5 + 325?
330
In base 15, what is -6e + 8?
-66
In base 2, what is -101000101 + -101?
-101001010
In base 5, what is 102112 - 3?
102104
In base 9, what is -4 - -286?
282
In base 15, what is 1a - -7?
22
In base 10, what is -2 + 2899?
2897
In base 15, what is 1a + -2?
18
In base 9, what is 463 - -4?
467
In base 10, what is -67 - -2?
-65
In base 16, what is 5 - 1015?
-1010
In base 14, what is -3 + 14b?
148
In base 15, what is 437 - 3?
434
In base 8, what is -4 - 1431?
-1435
In base 13, what is -3c23 - 0?
-3c23
In base 9, what is -74 - 4?
-78
In base 11, what is -11 + -197?
-1a8
In base 15, what is 4c - -14?
61
In base 5, what is -1411 + 43?
-1313
In base 12, what is 5 + -7?
-2
In base 2, what is 1000111 - -1101001?
10110000
In base 3, what is -1011 + -10?
-1021
In base 16, what is -3 - -355?
352
In base 14, what is -a4 + 6?
-9c
In base 12, what is -1 - -5?
4
In base 2, what is 101101101 + -100?
101101001
In base 16, what is -29 + -a?
-33
In base 6, what is 42531 - -5?
42540
In base 15, what is -da - 2?
-dc
In base 7, what is 1 - -13?
14
In base 16, what is 451 - -4?
455
In base 3, what is 12200 + 2?
12202
In base 11, what is 3 - 16?
-13
In base 2, what is -1 + 10101011?
10101010
In base 7, what is -10